{"id":304,"date":"2016-02-12T13:48:10","date_gmt":"2016-02-12T12:48:10","guid":{"rendered":"http:\/\/www.arbitrage-maritime.org\/CAMP-V3\/?page_id=304"},"modified":"2022-06-17T14:04:50","modified_gmt":"2022-06-17T13:04:50","slug":"bareme","status":"publish","type":"page","link":"https:\/\/www.arbitrage-maritime.org\/CAMP-V3\/bareme\/","title":{"rendered":"Bar\u00e8me"},"content":{"rendered":"<style>\nstrong{<br \/>color:#4C819A;<br \/>font-size:14px;<br \/>}<br \/>th,<br \/>.tablepress thead th {<br \/>\tmin-width: 275px;<br \/>}<br \/>th,<br \/>.tablepress-id-25 thead th {<br \/>\tmin-width: 202px;<br \/>}<br \/>table th<br \/>{<br \/>    border: 1px solid #31708f;<br \/>    color: #fff;<br \/>    background-color:#31708f;<br \/>}<\/p>\n<\/style>\n<p>Le bar\u00e8me des frais et honoraires d&rsquo;arbitrage en vigueur au 16 juin 2022 (date de la derni\u00e8re Assembl\u00e9e G\u00e9n\u00e9rale) peut-\u00eatre consult\u00e9 ci-apr\u00e8s, ou bien t\u00e9l\u00e9charg\u00e9<a title=\"T\u00e9l\u00e9charger le bar\u00e8me\" href=\"..\/wp-content\/documentation\/PDF\/Bareme.pdf\" target=\"blank\" rel=\"noopener noreferrer\"> <b>en cliquant ici<\/b><\/a><\/p>\n<p>Le montant hors taxe des sommes dues par dossier pour couvrir globalement les frais de la Chambre et honoraires des arbitres d\u00e9pend du total des demandes en ce compris les demandes reconventionnelles telles qu&rsquo;elles sont form\u00e9es au jour du d\u00e9part de l&rsquo;instance (notification aux parties de la composition du Tribunal Arbitral), augment\u00e9 \u00e9ventuellement de tout r\u00e9ajustement \u00e0 la hausse desdites demandes au cours des d\u00e9bats.<\/p>\n<p>Ce total s&rsquo;obtient par l&rsquo;addition de deux \u00e9l\u00e9ments :<br \/>\n&#8211; A\/ une partie forfaitaire, croissante par tranches successives,<br \/>\n&#8211; B\/ Une partie variable obtenue en multipliant le pourcentage attribu\u00e9 \u00e0 la tranche consid\u00e9r\u00e9e par la diff\u00e9rence entre le montant total des demandes et le chiffre inf\u00e9rieur de cette m\u00eame tranche :<\/p>\n<p><strong>Coll\u00e8ge de 3 arbitres<\/strong><\/p>\n<p><strong>A\/ Partie forfaitaire<\/strong><\/p>\n\n<table id=\"tablepress-26\" class=\"tablepress tablepress-id-26 tablepress-responsive\">\n<thead>\n<tr class=\"row-1\">\n\t<th class=\"column-1\">Tranches<\/th><th class=\"column-2\">Demandes comprises entre<\/th><th class=\"column-3\">Forfait<\/th>\n<\/tr>\n<\/thead>\n<tbody class=\"row-striping row-hover\">\n<tr class=\"row-2\">\n\t<td class=\"column-1\">1<\/td><td class=\"column-2\">0 et 14.999 \u20ac<\/td><td class=\"column-3\">3.850 \u20ac<\/td>\n<\/tr>\n<tr class=\"row-3\">\n\t<td class=\"column-1\">2<\/td><td class=\"column-2\">15.000 et 49.999 \u20ac<\/td><td class=\"column-3\">3.850 \u20ac<\/td>\n<\/tr>\n<tr class=\"row-4\">\n\t<td class=\"column-1\">3<\/td><td class=\"column-2\">50.000 et 99.999 \u20ac<\/td><td class=\"column-3\">7.700 \u20ac\t<\/td>\n<\/tr>\n<tr class=\"row-5\">\n\t<td class=\"column-1\">4<\/td><td class=\"column-2\">100.000 et 199.999 \u20ac<\/td><td class=\"column-3\">11.800 \u20ac<\/td>\n<\/tr>\n<tr class=\"row-6\">\n\t<td class=\"column-1\">5<\/td><td class=\"column-2\">200.000 et 499.999 \u20ac<\/td><td class=\"column-3\">18.800 \u20ac<\/td>\n<\/tr>\n<tr class=\"row-7\">\n\t<td class=\"column-1\">6<\/td><td class=\"column-2\">500.000 et 999.999 \u20ac<\/td><td class=\"column-3\">29.600 \u20ac<\/td>\n<\/tr>\n<tr class=\"row-8\">\n\t<td class=\"column-1\">7<\/td><td class=\"column-2\">1.000.000 et 2.999.999 \u20ac<\/td><td class=\"column-3\">45.900 \u20ac<\/td>\n<\/tr>\n<tr class=\"row-9\">\n\t<td class=\"column-1\">8<\/td><td class=\"column-2\">3.000.000 et 7.499.999 \u20ac<\/td><td class=\"column-3\">59.100 \u20ac<\/td>\n<\/tr>\n<tr class=\"row-10\">\n\t<td class=\"column-1\">9<\/td><td class=\"column-2\">+ de 7.500.000 \u20ac<\/td><td class=\"column-3\">81.600 \u20ac<\/td>\n<\/tr>\n<\/tbody>\n<\/table>\n<!-- #tablepress-26 from cache -->\n<p>&nbsp;<\/p>\n<p><strong>B\/ Partie variable<\/strong><\/p>\n<p>\n<table id=\"tablepress-27\" class=\"tablepress tablepress-id-27 tablepress-responsive\">\n<thead>\n<tr class=\"row-1\">\n\t<th class=\"column-1\">Tranches<\/th><th class=\"column-2\">Demandes comprises entre<\/th><th class=\"column-3\">Pourcentage applicable dans la tranche<\/th>\n<\/tr>\n<\/thead>\n<tbody class=\"row-striping row-hover\">\n<tr class=\"row-2\">\n\t<td class=\"column-1\">2<\/td><td class=\"column-2\">15.000 et 49.999 \u20ac<\/td><td class=\"column-3\">11 %<\/td>\n<\/tr>\n<tr class=\"row-3\">\n\t<td class=\"column-1\">3<\/td><td class=\"column-2\">50.000 et 99.999 \u20ac<\/td><td class=\"column-3\">8,20 %<\/td>\n<\/tr>\n<tr class=\"row-4\">\n\t<td class=\"column-1\">4<\/td><td class=\"column-2\">100.000 et 199.999 \u20ac<\/td><td class=\"column-3\">7 %<\/td>\n<\/tr>\n<tr class=\"row-5\">\n\t<td class=\"column-1\">5<\/td><td class=\"column-2\">200.000 et 499.999 \u20ac<\/td><td class=\"column-3\">3,60 %<\/td>\n<\/tr>\n<tr class=\"row-6\">\n\t<td class=\"column-1\">6<\/td><td class=\"column-2\">500.000 et 999.999 \u20ac<\/td><td class=\"column-3\">3,26 %<\/td>\n<\/tr>\n<tr class=\"row-7\">\n\t<td class=\"column-1\">7<\/td><td class=\"column-2\">1.000.000 et 2.999.999 \u20ac<\/td><td class=\"column-3\">0,66 %<\/td>\n<\/tr>\n<tr class=\"row-8\">\n\t<td class=\"column-1\">8<\/td><td class=\"column-2\">3.000.000 et 7.499.999 \u20ac<\/td><td class=\"column-3\">0,50 %<\/td>\n<\/tr>\n<tr class=\"row-9\">\n\t<td class=\"column-1\">9<\/td><td class=\"column-2\">+ de 7.500.000 \u20ac<\/td><td class=\"column-3\">*<\/td>\n<\/tr>\n<\/tbody>\n<\/table>\n<!-- #tablepress-27 from cache --><br \/>\n* : Sur d\u00e9cision du Pr\u00e9sident de la Chambre<br \/>\nNota : Voir ci-dessous pour les demandes inf\u00e9rieures \u00e0 15.000 \u20ac<\/p>\n<p>&nbsp;<\/p>\n<p><strong>C) Total des frais et honoraires d&rsquo;arbitrage correspondant au minimum des tranches<\/strong><\/p>\n\n<table id=\"tablepress-25\" class=\"tablepress tablepress-id-25 tablepress-responsive\">\n<thead>\n<tr class=\"row-1\">\n\t<th class=\"column-1\">Demandes<\/th><th class=\"column-2\">Partie variable<\/th><th class=\"column-3\">Partie fixe<\/th><th class=\"column-4\">Total<\/th>\n<\/tr>\n<\/thead>\n<tbody class=\"row-striping row-hover\">\n<tr class=\"row-2\">\n\t<td class=\"column-1\">Pour 15.000 \u20ac<\/td><td class=\"column-2\">0 \u20ac<\/td><td class=\"column-3\">3.850 \u20ac<\/td><td class=\"column-4\">3.850 \u20ac<\/td>\n<\/tr>\n<tr class=\"row-3\">\n\t<td class=\"column-1\">Pour 50.000 \u20ac<\/td><td class=\"column-2\">3.850 \u20ac<\/td><td class=\"column-3\">3.850 \u20ac<\/td><td class=\"column-4\">7.700 \u20ac<\/td>\n<\/tr>\n<tr class=\"row-4\">\n\t<td class=\"column-1\">Pour 100.000 \u20ac<\/td><td class=\"column-2\">4100 \u20ac<\/td><td class=\"column-3\">7.700 \u20ac\t<\/td><td class=\"column-4\">11.800 \u20ac<\/td>\n<\/tr>\n<tr class=\"row-5\">\n\t<td class=\"column-1\">Pour 200.000 \u20ac<\/td><td class=\"column-2\">7.000 \u20ac<\/td><td class=\"column-3\">11.800 \u20ac<\/td><td class=\"column-4\">18.800 \u20ac<\/td>\n<\/tr>\n<tr class=\"row-6\">\n\t<td class=\"column-1\">Pour 500.000 \u20ac<\/td><td class=\"column-2\">10.800 \u20ac<\/td><td class=\"column-3\">18.800 \u20ac<\/td><td class=\"column-4\">29.600 \u20ac<\/td>\n<\/tr>\n<tr class=\"row-7\">\n\t<td class=\"column-1\">Pour 1.000.000 \u20ac<\/td><td class=\"column-2\">16.300 \u20ac<\/td><td class=\"column-3\">29.600 \u20ac<\/td><td class=\"column-4\">45.900 \u20ac<\/td>\n<\/tr>\n<tr class=\"row-8\">\n\t<td class=\"column-1\">Pour 3.000.000 \u20ac<\/td><td class=\"column-2\">13.300 \u20ac<\/td><td class=\"column-3\">45.900 \u20ac<\/td><td class=\"column-4\">59.100 \u20ac<\/td>\n<\/tr>\n<tr class=\"row-9\">\n\t<td class=\"column-1\">Pour 7.500.000 \u20ac\t<\/td><td class=\"column-2\">0 \u20ac<\/td><td class=\"column-3\">81.600 \u20ac<\/td><td class=\"column-4\">81.600 \u20ac<\/td>\n<\/tr>\n<\/tbody>\n<\/table>\n<!-- #tablepress-25 from cache -->\n<p>Demandeurs et d\u00e9fendeurs sont conjointement et solidairement responsables du r\u00e8glement des sommes ainsi dues, quelle que<br \/>\nr\u00e9partition qu&rsquo;en aient d\u00e9cid\u00e9e les arbitres dans la sentence.<\/p>\n<hr \/>\n<p><strong>Honoraires pour sentence interlocutoire<\/strong><\/p>\n<p>Dans le cas o\u00f9 les arbitres seraient appel\u00e9s \u00e0 rendre une sentence interlocutoire avant dire droit et si aucune sentence au fond n&rsquo;est rendue, des honoraires peuvent \u00e8tre attribu\u00e9s \u00e0 la discr\u00e9tion du Pr\u00e9sident pour un montant maximum de 3.500 \u20ac HT pour un coll\u00e8ge de trois arbitres.<\/p>\n<p>Lorsqu&rsquo;au terme des 2 ans apr\u00e8s l&rsquo;enregistrement de la demande initiale pour un arbitrage enregistr\u00e9 \u00e0 titre conservatoire, un sursis \u00e0 statuer est rendu par l&rsquo;arbitre unique, un montant de 1 000 \u20ac HT sera factur\u00e9 au demandeur pour couvrir les frais administratifs de la Chambre et les honoraires compl\u00e9mentaires de l&rsquo;arbitre unique. Il est pr\u00e9cis\u00e9\u0301 que ce m\u00eame montant de 1 000 \u20ac sera factur\u00e9 pour chaque sursis suppl\u00e9mentaire demand\u00e9.<\/p>\n<hr \/>\n<p><strong>Arbitre unique<\/strong><\/p>\n<p>Dans le cas d&rsquo;un arbitre unique le montant des sommes dues par les parties est limit\u00e9 \u00e0 60 % du bar\u00e8me ci-dessus tant pour la partie forfaitaire que la partie variable.<\/p>\n<hr \/>\n<p><strong>Demandes inf\u00e9rieures \u00e0 15.000 \u20ac.<\/strong><\/p>\n<p>Le montant des frais et honoraires d&rsquo;arbitrage pour toute demande inf\u00e9rieure \u00e0 15.000 \u20ac est fix\u00e9 \u00e0 3.850 \u20ac (HT), lorsqu&rsquo;est d\u00e9sign\u00e9 un coll\u00e8ge de trois arbitres. Lorsqu&rsquo;est d\u00e9sign\u00e9 un arbitre unique, ce montant est fix\u00e9 \u00e0 1.650 \u20ac (HT) pour toute demande inf\u00e9rieure \u00e0 7.500 \u20ac, et \u00e0 2.450 \u20ac (HT) pour toute demande comprise entre 7.500 et 15.000 \u20ac.<\/p>\n<hr \/>\n<p><strong>D\u00e9rogations au bar\u00e8me<\/strong><\/p>\n<p>Tr\u00e8s exceptionnellement, le Pr\u00e9sident peut, pour tenir compte de la nature particuli\u00e8re d&rsquo;une affaire, notamment les affaires dont la demande est form\u00e9e \u00e0 titre conservatoire ou celles qui font l&rsquo;objet d&rsquo;arbitrage multipartites et donc de plusieurs instances, d\u00e9cider de d\u00e9roger au bar\u00e8me et d&rsquo;imposer tel montant qui lui semblerait juste.<\/p>\n<hr \/>\n<p><strong>Consignation<\/strong><\/p>\n<p>1) Avec toute demande form\u00e9e, m\u00eame \u00e0 titre conservatoire, est vers\u00e9e une somme de 2.000 \u20ac abond\u00e9s s&rsquo;il y a lieu de la TVA au taux en vigueur, quel que soit le quantum de la demande du dossier, \u00e0 valoir sur la consignation exacte due par la partie int\u00e9ress\u00e9e lors de la reprise ult\u00e9rieure de l&rsquo;instance et de la d\u00e9signation des arbitres.<\/p>\n<p>Au cas o\u00f9 il ne serait pas donn\u00e9 suite \u00e0 une demande, m\u00eame \u00e0 titre conservatoire, dans les d\u00e9lais pr\u00e9vus au R\u00e8glement, les 2.006 \u20ac resteront acquis \u00e0 la Chambre, abond\u00e9s s&rsquo;il y a lieu de la TVA.<\/p>\n<p>2) Pour garantie du r\u00e8glement ult\u00e9rieur des sommes destin\u00e9es \u00e0 couvrir les frais et honoraires d&rsquo;arbitrage, chacune des parties (ou chaque ensemble de parties s&rsquo;il y a plusieurs demandeurs ou d\u00e9fendeurs) est appell\u00e9e \u00e0 verser 50 % du montant r\u00e9sultant de l&rsquo;application du bar\u00e8me, abond\u00e9s s&rsquo;il y a lieu de la TVA au taux en vigueur pour tenir compte de la TVA qui pourrait \u00eatre due lors de la liquidation des comptes.<\/p>\n<hr \/>\n<p><strong>Retrait de demandes ou conciliation en cours d&rsquo;instance<\/strong><\/p>\n<p>Pour toute demande retir\u00e9e avant l&rsquo;\u00e9change des m\u00e9moires et le d\u00e9but de l&rsquo;instance, le demandeur doit \u00e0 la Chambre la somme de 2.000 \u20ac hors taxes, \u00e0 titre de frais de constitution de dossier.<\/p>\n<p>Si, apr\u00e8s la d\u00e9signation des arbitres, l&rsquo;\u00e9change des m\u00e9moires, et en cours d&rsquo;instance, les parties se concilient, mettant fin ainsi \u00e0 la proc\u00e9dure d&rsquo;arbitrage, elles doivent \u00e0 la Chambre, \u00e0 raison de 50 % chacune (ou chaque ensemble de parties s&rsquo;il y a plusieurs demandeurs ou d\u00e9fendeurs), et par pr\u00e9l\u00e8vement sur les consignations qu&rsquo;elles ont vers\u00e9es :<\/p>\n<p>&#8211; 40 % de la partie fixe et de la partie variable du bar\u00e8me dans le cas o\u00f9 l&rsquo;arrangement amiable intervient avant la convocation \u00e0 une premi\u00e8re r\u00e9union contradictoire.<\/p>\n<p>&#8211; 80 % de la partie fixe et de la partie variable du bar\u00e8me lorsque l&rsquo;arrangement a lieu apr\u00e8s la convocation \u00e0 une premi\u00e8re r\u00e9union contradictoire.<\/p>\n<p>Dans le cas o\u00f9 une instance arbitrale au second degr\u00e9 ayant \u00e9t\u00e9 engag\u00e9e, les parties viendraient \u00e0 se concilier avant l&rsquo;\u00e9change des m\u00e9moires, les consignations vers\u00e9es seront restitu\u00e9es \u00e0 la partie demanderesse au second degr\u00e9 apr\u00e8s d\u00e9duction du montant des frais administratifs de la Chambre fix\u00e9s \u00e0 20% du total consign\u00e9 avec un forfait minimum de 2.400 \u20ac. Si les parties se concilient apr\u00e8s l&rsquo;\u00e9change des m\u00e9moires, le montant de la d\u00e9duction sera fix\u00e9 sur d\u00e9cision du Pr\u00e9sident.<\/p>\n<hr \/>\n<p><strong>Dispositions compl\u00e9mentaires<\/strong><\/p>\n<p>&#8211; Les \u00e9ventuels frais d&rsquo;expertise s&rsquo;ajoutent au montant calcul\u00e9 selon le bar\u00e8me.<\/p>\n<p>&#8211; Si les s\u00e9ances d&rsquo;arbitrage doivent, \u00e0 raison des stipulations de la clause compromissoire ou du compromis d&rsquo;arbitrage, se tenir en dehors de la r\u00e9gion parisienne (en France ou \u00e0 l&rsquo;\u00e9tranger) ou si les arbitres (ou l&rsquo;un d&rsquo;entre eux) doivent pour les besoins de l&rsquo;instruction mener des enqu\u00eates ou investigations en dehors de la r\u00e9gion parisienne, les frais de d\u00e9placement correspondant s&rsquo;ajoutent au montant calcul\u00e9 selon le bar\u00e8me.<\/p>\n<p>&#8211; A la facturation d\u00e9finitive des honoraires et frais d&rsquo;arbitrage aux parties (chacune pour la part du montant total dont elle est redevable) il est ajout\u00e9 s&rsquo;il y a lieu la T.V.A. au taux en vigueur.<\/p>\n<hr \/>\n<p><strong>Frais et honoraires de M\u00e9diation<\/strong><\/p>\n<p>Le montant hors taxe des sommes dues par dossier pour couvrir les frais administratifs de la Chambre et les honoraires du m\u00e9diateur d\u00e9pend des int\u00e9r\u00eats en jeu. Il sera \u00e9gal \u00e0 50 % des frais et honoraires d&rsquo;arbitrage tels que d\u00e9finis pour un coll\u00e8ge de trois arbitres.<\/p>\n<p>Lorsqu&rsquo;en cas d&rsquo;\u00e9chec de la m\u00e9diation, le litige sera port\u00e9 devant la Chambre Arbitrale Maritime de Paris selon son r\u00e8glement d&rsquo;arbitrage, 20 % des sommes vers\u00e9es au titre de la m\u00e9diation seront d\u00e9duits du montant des frais et honoraires d&rsquo;arbitrage tels que d\u00e9finis par le bar\u00e8me.<\/p>\n","protected":false},"excerpt":{"rendered":"<p>Le bar\u00e8me des frais et honoraires d&rsquo;arbitrage en vigueur au 16 juin 2022 (date de la derni\u00e8re Assembl\u00e9e G\u00e9n\u00e9rale) peut-\u00eatre consult\u00e9 ci-apr\u00e8s, ou bien t\u00e9l\u00e9charg\u00e9 en cliquant ici Le montant hors taxe des sommes dues par dossier pour couvrir globalement les frais de la Chambre et honoraires des arbitres d\u00e9pend du total des demandes en<\/p>\n","protected":false},"author":1,"featured_media":0,"parent":0,"menu_order":0,"comment_status":"closed","ping_status":"closed","template":"fullwidth.php","meta":{"_monsterinsights_skip_tracking":false,"_monsterinsights_sitenote_active":false,"_monsterinsights_sitenote_note":"","_monsterinsights_sitenote_category":0,"footnotes":""},"class_list":["post-304","page","type-page","status-publish","hentry"],"_links":{"self":[{"href":"https:\/\/www.arbitrage-maritime.org\/CAMP-V3\/wp-json\/wp\/v2\/pages\/304","targetHints":{"allow":["GET"]}}],"collection":[{"href":"https:\/\/www.arbitrage-maritime.org\/CAMP-V3\/wp-json\/wp\/v2\/pages"}],"about":[{"href":"https:\/\/www.arbitrage-maritime.org\/CAMP-V3\/wp-json\/wp\/v2\/types\/page"}],"author":[{"embeddable":true,"href":"https:\/\/www.arbitrage-maritime.org\/CAMP-V3\/wp-json\/wp\/v2\/users\/1"}],"replies":[{"embeddable":true,"href":"https:\/\/www.arbitrage-maritime.org\/CAMP-V3\/wp-json\/wp\/v2\/comments?post=304"}],"version-history":[{"count":69,"href":"https:\/\/www.arbitrage-maritime.org\/CAMP-V3\/wp-json\/wp\/v2\/pages\/304\/revisions"}],"predecessor-version":[{"id":6975,"href":"https:\/\/www.arbitrage-maritime.org\/CAMP-V3\/wp-json\/wp\/v2\/pages\/304\/revisions\/6975"}],"wp:attachment":[{"href":"https:\/\/www.arbitrage-maritime.org\/CAMP-V3\/wp-json\/wp\/v2\/media?parent=304"}],"curies":[{"name":"wp","href":"https:\/\/api.w.org\/{rel}","templated":true}]}}