{"id":354,"date":"2016-02-12T16:21:26","date_gmt":"2016-02-12T15:21:26","guid":{"rendered":"http:\/\/www.arbitrage-maritime.org\/CAMP-V3\/?page_id=354"},"modified":"2020-08-31T13:44:30","modified_gmt":"2020-08-31T12:44:30","slug":"boite-a-outils","status":"publish","type":"page","link":"https:\/\/www.arbitrage-maritime.org\/CAMP-V3\/boite-a-outils\/","title":{"rendered":"Bo\u00eete \u00e0 outils"},"content":{"rendered":"<style>\nstrong{<br \/>\ncolor:#4C819A;<br \/>\nfont-size:14px;<br \/>\n}<br \/>\n.fa{<br \/>\nfont-size:10px;<br \/>\ncolor:#4C819A;<br \/>\n}<br \/>\n.fa-search{<br \/>\nfont-size:15px;<br \/>\ncolor:#fff;<br \/>\n}<br \/>\na{<br \/>\nfont-weight:400;<br \/>\n}<br \/>\n<\/style>\n<p><strong>Internet, source in\u00e9puisable d\u2019informations<\/strong><br \/>\nLe World Wide Web (www), le \u00ab\u00a0net\u00a0\u00bb, litt\u00e9ralement la \u201ctoile\u201d (d\u2019araign\u00e9e), mondial permet de consulter via des hyperliens les sites du monde entier. Nous avons compil\u00e9 et s\u00e9lectionn\u00e9 plusieurs sites offrant en acc\u00e8s libre une multitude d\u2019informations que nous avons group\u00e9s sous diverses rubriques. Certains peuvent para\u00eetre faire double emploi, \u00e0 chacun de choisir le site lui convenant le mieux. Nous invitons les internautes \u00e0 cliquer sur ces liens et \u00e0 explorer les sites r\u00e9pertori\u00e9s.<\/p>\n<p>Cette page a \u00e9t\u00e9 con\u00e7ue comme une v\u00e9ritable \u201cBo\u00eete \u00e0 outils\u201d ou plus exactement \u201cBo\u00eete \u00e0 e-outils\u201d.<\/p>\n<p>Bonne \u201ce-navigation\u201d.<\/p>\n<hr>\n<p><i class=\"fa fa-university\" style=\"font-size: 15px;\"><\/i> <strong>Juridique<\/strong><br \/>\n<i class=\"fa fa-chevron-circle-right\"><\/i> <b>Dictionnaire juridique : <a href=\"http:\/\/www.dictionnaire-juridique.com\/lexique-juridique.php\" target=\"_blank\" rel=\"noopener noreferrer\">http:\/\/www.dictionnaire-juridique.com\/lexique-juridique.php<\/a><br \/>\n<i class=\"fa fa-chevron-circle-right\"><\/i> Arbitrage : <a href=\"http:\/\/www.arbitrage-maritime.org\" target=\"_blank\" rel=\"noopener noreferrer\">www.arbitrage-maritime.org<\/a><\/b><\/p>\n<hr>\n<p><i class=\"fa fa-ship\" style=\"font-size: 15px;\"><\/i> <strong>Maritime<\/strong><br \/>\n<i class=\"fa fa-chevron-circle-right\"><\/i> <b>Lexique des termes de marine (Fran.) : <a href=\"http:\/\/www.netmarine.net\/guides\/dico\/index.htm\" target=\"_blank\" rel=\"noopener noreferrer\">http:\/\/www.netmarine.net\/guides\/dico\/index.htm<\/a><br \/>\n<i class=\"fa fa-chevron-circle-right\"><\/i> <b>Glossaire des termes marins (Fran.) : <a href=\"http:\/\/www.mandragore2.net\/dico\/lexique1\/lexique1.php?page=a\" target=\"_blank\" rel=\"noopener noreferrer\">http:\/\/www.mandragore2.net\/dico\/lexique1\/lexique1.php?page=a<\/a><br \/>\n<i class=\"fa fa-chevron-circle-right\"><\/i> Maritime terms (Eng.) Class\u00e9s par cat\u00e9gories : <a href=\"http:\/\/www.marineterms.com\/marine-terms\/chartering-terms.html\" target=\"_blank\" rel=\"noopener noreferrer\">http:\/\/www.marineterms.com\/marine-terms\/chartering-terms.html<\/a><br \/>\n<i class=\"fa fa-chevron-circle-right\"><\/i> Glossary of shipping terms (Eng) : <a href=\"http:\/\/www.csmoim.qc.ca\/public_upload\/files\/travailleurs\/etudes-documentation\/lexique-et-liens-utiles.pdf\" target=\"_blank\" rel=\"noopener noreferrer\">http:\/\/www.csmoim.qc.ca\/public_upload\/files\/travailleurs\/etudes-documentation\/lexique-et-liens-utiles.pdf<\/a><br \/>\n<i class=\"fa fa-chevron-circle-right\"><\/i> Chartering abbreviations and Shipping terms : <a href=\"http:\/\/www.searates.com\/reference\/glossary\/\" target=\"_blank\" rel=\"noopener noreferrer\">http:\/\/www.searates.com\/reference\/glossary\/<\/a><br \/>\n<i class=\"fa fa-chevron-circle-right\"><\/i> Chartering abbreviations  : <a href=\"http:\/\/www.tkmglobal.net\/chartering_A.HTM\" target=\"_blank\" rel=\"noopener noreferrer\">http:\/\/www.tkmglobal.net\/chartering_A.HTM\/<br \/>\n<i class=\"fa fa-chevron-circle-right\"><\/i> Glossaire des Courtiers Maritimes fran\u00e7ais : <\/a><a href=\"http:\/\/media.wix.com\/ugd\/5b2399_2dd931651d094fc38a23bc807b7c0b95.pdf\" target=\"_blank\" rel=\"noopener noreferrer\">http:\/\/www.french-shipbrokers.org\/glossaire <\/a><br \/>\n<i class=\"fa fa-chevron-circle-right\"><\/i> Supply chain &amp; Logistics Glossary : <a href=\"https:\/\/www.scl.gatech.edu\/resources\/glossary\" target=\"_blank\" rel=\"noopener noreferrer\">https:\/\/www.scl.gatech.edu\/resources\/glossary<\/a><\/b><br \/>\n<i class=\"fa fa-chevron-circle-right\"><\/i><b> R\u00e8gles d\u2019interpr\u00e9tation des staries sous charte partie au voyage :<a href=\"http:\/\/www.arbitrage-maritime.org\/fr\/Misc\/voylayrules93.pdf\" target=\"_blank\" rel=\"noopener noreferrer\">http:\/\/www.arbitrage-maritime.org\/fr\/Misc\/voylayrules93.pdf<\/a><\/b><br \/>\n<i class=\"fa fa-chevron-circle-right\"><\/i><b> Calculateur droits de passage Canal de Suez : <a href=\"https:\/\/www.suezcanal.gov.eg\/English\/Tolls\/Pages\/TollsCalculator.aspx\" target=\"_blank\" rel=\"noopener noreferrer\">https:\/\/www.suezcanal.gov.eg\/English\/Tolls\/Pages\/TollsCalculator.aspx<\/a><\/b><br \/>\n<i class=\"fa fa-chevron-circle-right\"><\/i><b> Calculateur de distances entre les principaux ports : <a href=\"https:\/\/sea-distances.org\" target=\"_blank\" rel=\"noopener noreferrer\">https:\/\/sea-distances.org<\/a><br \/>\n<a href=\"http:\/\/www.portworld.com\/map\/\" target=\"_blank\" rel=\"noopener noreferrer\">http:\/\/www.portworld.com\/map\/<\/a><\/b><br \/>\n<i class=\"fa fa-chevron-circle-right\"><\/i><b> Positionnement des navires en temps r\u00e9el : <a href=\"http:\/\/www.marinetraffic.com\/ais\/fr\/default.aspx\" target=\"_blank\" rel=\"noopener noreferrer\">http:\/\/www.marinetraffic.com\/ais\/fr\/default.aspx<\/a><\/b><br \/>\n<i class=\"fa fa-chevron-circle-right\"><\/i><b> Positionnement des navires en temps r\u00e9el : <a href=\"https:\/\/www.vesselfinder.com\/fr\" target=\"_blank\" rel=\"noopener noreferrer\">https:\/\/www.vesselfinder.com\/fr<\/a><\/b><br \/>\n<i class=\"fa fa-chevron-circle-right\"><\/i><b> Base de donn\u00e9es des navires et des compagnies maritimes : <a href=\"http:\/\/www.equasis.org\/EquasisWeb\/public\/HomePage\" target=\"_blank\" rel=\"noopener noreferrer\">http:\/\/www.equasis.org\/EquasisWeb\/public\/HomePage<\/a><\/b> (Login pr\u00e9alable gratuit)<\/b><\/p>\n<hr>\n<p><i class=\"fa fa-exclamation-triangle\" style=\"font-size: 15px;\"><\/i> <strong>Assurances<\/strong><br \/>\n<i class=\"fa fa-chevron-circle-right\"><\/i> <b>Le glossaire de l\u2019assurance : <a href=\"http:\/\/www.ffa-assurance.fr\/glossaire\/letter_a\" target=\"_blank\" rel=\"noopener noreferrer\">http:\/\/tinyurl.com\/7g3abkn<\/a><br \/>\n<i class=\"fa fa-chevron-circle-right\"><\/i> Insurance, maritime, financial glossary : <a href=\"http:\/\/www.insurexchange.com\/glossary\/list.htm\" target=\"_blank\" rel=\"noopener noreferrer\">http:\/\/www.insurexchange.com\/glossary\/list.htm<\/a><\/b><\/p>\n<hr>\n<p><i class=\"fa fa-money\" style=\"font-size: 15px;\"><\/i> <strong>Financier<\/strong><br \/>\n<i class=\"fa fa-chevron-circle-right\"><\/i> <b>Glossaire financier (Eng) : <a href=\"http:\/\/www.investopedia.com\/terms\/a\/\" target=\"_blank\" rel=\"noopener noreferrer\">http:\/\/www.investopedia.com\/terms\/a\/<\/a><\/b><\/p>\n<hr>\n<p><i class=\"fa fa-globe\" style=\"font-size: 15px;\"><\/i> <strong>Commerce international<\/strong><br \/>\n<i class=\"fa fa-chevron-circle-right\"><\/i> <b>Cargo Handbook &#8211; Caract\u00e9ristiques de plus de 800 marchandises : <a href=\"http:\/\/www.cargohandbook.com\/index.php\/Welcome_to_CargoHandbook\" target=\"_blank\" rel=\"noopener noreferrer\">Cargo Handbook<\/a><br \/>\n<i class=\"fa fa-chevron-circle-right\"><\/i> <b>International Trade and transport glossary : <a href=\"https:\/\/www.airschott.com\/trade-terms\" target=\"_blank\" rel=\"noopener noreferrer\">https:\/\/www.airschott.com\/trade-terms<\/a><br \/>\n<i class=\"fa fa-chevron-circle-right\"><\/i> Incoterms : <a href=\"http:\/\/www.foreign-trade.com\/reference\/incoterms.cfm\" target=\"_blank\" rel=\"noopener noreferrer\">http:\/\/www.foreign-trade.com\/reference\/incoterms.cfm<\/a><br \/>\n<i class=\"fa fa-chevron-circle-right\"><\/i> International Terms of payments : <a href=\"https:\/\/www.bis.org\/cpmi\/glossary_030301.pdf\" target=\"_blank\" rel=\"noopener noreferrer\">https:\/\/www.bis.org\/cpmi\/glossary_030301.pdf <\/a><br \/>\n<i class=\"fa fa-chevron-circle-right\"><\/i> Organisation mondiale des douanes :<\/b> <a href=\"http:\/\/www.wcoomd.org\/\" target=\"_blank\" rel=\"noopener noreferrer\">http:\/\/www.wcoomd.org\/<\/a><\/b><\/p>\n<hr>\n<p><i class=\"fa fa-anchor\" style=\"font-size: 15px;\"><\/i> <strong>Marine \/ M\u00e9t\u00e9orologie<\/strong><br \/>\n<i class=\"fa fa-chevron-circle-right\"><\/i> <b>Tous les ports du monde : <a href=\"http:\/\/portfocus.com\/\" target=\"_blank\" rel=\"noopener noreferrer\">http:\/\/portfocus.com\/<\/a><br \/>\n<i class=\"fa fa-chevron-circle-right\"><\/i> M\u00e9t\u00e9o et m\u00e9t\u00e9o marine : <a href=\"http:\/\/tinyurl.com\/meteo-f\" target=\"_blank\" rel=\"noopener noreferrer\">http:\/\/tinyurl.com\/meteo-f<\/a><br \/>\n<i class=\"fa fa-chevron-circle-right\"><\/i> M\u00e9t\u00e9o marine Monde (eng.) : <a href=\"http:\/\/www.oceanweather.com\/data\/index.html\" target=\"_blank\" rel=\"noopener noreferrer\">http:\/\/www.oceanweather.com\/data\/index.html<\/a><br \/>\n<a href=\"http:\/\/www.wxusa.com\/international\/A.htm\" target=\"_blank\" rel=\"noopener noreferrer\">http:\/\/www.wxusa.com\/international\/A.htm<\/a><br \/>\n<i class=\"fa fa-chevron-circle-right\"><\/i> France M\u00e9t\u00e9o : <a href=\"http:\/\/france.meteofrance.com\/france\/mer\" target=\"_blank\" rel=\"noopener noreferrer\">http:\/\/france.meteofrance.com\/france\/mer<\/a><br \/>\n<i class=\"fa fa-chevron-circle-right\"><\/i> Carte des vents : <a href=\"http:\/\/www.xcweather.co.uk\/?Loc=FR\" target=\"_blank\" rel=\"noopener noreferrer\">http:\/\/www.xcweather.co.uk\/?Loc=FR<\/a><br \/>\n<i class=\"fa fa-chevron-circle-right\"><\/i> Vents et houle : <a href=\"http:\/\/www.windguru.cz\/fr\/index.php\" target=\"_blank\" rel=\"noopener noreferrer\">http:\/\/www.windguru.cz\/fr\/index.php<\/a><br \/>\n<i class=\"fa fa-chevron-circle-right\"><\/i> Annuaire des mar\u00e9es :<br \/>\n\u201cFrance\u201d : <a href=\"http:\/\/maree.info\/\" target=\"_blank\" rel=\"noopener noreferrer\">http:\/\/maree.info\/<\/a><br \/>\n\u201cMonde\u201d : <a href=\"http:\/\/www.shom.fr\/ann_marees\/cgi-bin\/predit_ext\/choixp\" target=\"_blank\" rel=\"noopener noreferrer\">http:\/\/www.shom.fr\/ann_marees\/cgi-bin\/predit_ext\/choixp<\/a><br \/>\n<i class=\"fa fa-chevron-circle-right\"><\/i> Cartes locales anim\u00e9es et d\u00e9taill\u00e9es des vents, pluies, temp\u00e9ratures etc.: <a href=\"https:\/\/www.ventusky.com\" target=\"_blank\" rel=\"noopener noreferrer\">https:\/\/www.ventusky.com<\/a><br \/>\n<i class=\"fa fa-chevron-circle-right\"><\/i> Votre station m\u00e9t\u00e9o de l&rsquo;endroit que vous souhaitez avec animations, vents, pluie, nuages, mer etc. : <a href=\"https:\/\/www.windytv.com\/?48.872,2.329,6\" target=\"_blank\" rel=\"noopener noreferrer\">https:\/\/www.windytv.com\/?48.872,2.329,6<\/a><\/b><\/p>\n<hr>\n<p><i class=\"fa fa-book\" style=\"font-size: 15px;\"><\/i> <strong>Dictionnaires<\/strong><br \/>\n<i class=\"fa fa-chevron-circle-right\"><\/i> <b>Divers dictionnaires marins : <a href=\"http:\/\/www.lexilogos.com\/dictionnaire_maritime.htm\">http:\/\/www.lexilogos.com\/dictionnaire_maritime.htm<\/a><br \/>\n<i class=\"fa fa-chevron-circle-right\"><\/i> Acronymes : <a href=\"http:\/\/www.acronymsearch.com\/\">http:\/\/www.acronymsearch.com\/<\/a><br \/>\n<a href=\"http:\/\/www.acronymfinder.com\">http:\/\/www.acronymfinder.com<\/a><br \/>\n<i class=\"fa fa-chevron-circle-right\"><\/i> Abr\u00e9viations de la marine marchande : <a href=\"http:\/\/www.marine-marchande.net\/Divers\/abreviations-1.htm\">http:\/\/www.marine-marchande.net\/Divers\/abreviations-1.htm<\/a><\/b><\/p>\n<hr>\n<p><i class=\"fa fa-headphones\" style=\"font-size: 15px;\"><\/i> <strong>Traducteurs<\/strong><br \/>\n<i class=\"fa fa-chevron-circle-right\"><\/i><b> Traduction de pages : <a href=\"https:\/\/www.deepl.com\/translator\">https:\/\/www.deepl.com\/translator<\/a><br \/>\n<i class=\"fa fa-chevron-circle-right\"><\/i>Traduction multi langues (une cinquantaine) : <a href=\"http:\/\/www.langtolang.com\" target=\"_blank\" rel=\"noopener noreferrer\">http:\/\/www.langtolang.com<\/a><br \/>\n<i class=\"fa fa-chevron-circle-right\"><\/i> Site de dictionnaires et traductions multiples en ligne : <a href=\"http:\/\/www.lexilogos.com\/anglais_langue_dictionnaires.htm\" target=\"_blank\" rel=\"noopener noreferrer\">http:\/\/www.lexilogos.com\/anglais_langue_dictionnaires.htm<\/a><\/b><\/p>\n<hr>\n<p><i class=\"fa fa-map-marker\" style=\"font-size: 15px;\"><\/i> <strong>Cartes \/ Divers<\/strong><br \/>\n<i class=\"fa fa-chevron-circle-right\"><\/i> <b>Les cartes et informations diverses compil\u00e9es par la CIA : <a href=\"https:\/\/www.cia.gov\/library\/publications\/the-world-factbook\/docs\/refmaps.html\" target=\"_blank\" rel=\"noopener noreferrer\">https:\/\/www.cia.gov\/library\/publications\/the-world-factbook\/docs\/refmaps.html<\/a><br \/>\n<i class=\"fa fa-chevron-circle-right\"><\/i> Toutes les cartes : <a href=\"http:\/\/www.lib.utexas.edu\/maps\/world.html\" target=\"_blank\" rel=\"noopener noreferrer\">http:\/\/www.lib.utexas.edu\/maps\/world.html<\/a><br \/>\n<i class=\"fa fa-chevron-circle-right\"><\/i> Cartes du monde pays et territoires : <a href=\"http:\/\/www.sitesatlas.com\/Maps\/Info\/countries.htm\" target=\"_blank\" rel=\"noopener noreferrer\">http:\/\/www.sitesatlas.com\/Maps\/Info\/countries.htm<\/a><br \/>\n<i class=\"fa fa-chevron-circle-right\"><\/i> les fuseaux horaires :<a href=\"https:\/\/www.zeitverschiebung.net\/fr\/\" target=\"_blank\" rel=\"noopener noreferrer\">https:\/\/www.zeitverschiebung.net\/fr\/<\/a><\/b><\/p>\n<hr>\n<p><i class=\"fa fa-exchange\" style=\"font-size: 15px;\"><\/i> <strong>Convertisseurs<\/strong><br \/>\n<i class=\"fa fa-chevron-circle-right\"><\/i> <b>Converteur universel : <a href=\"http:\/\/www.unitconverters.net\" target=\"_blank\" rel=\"noopener noreferrer\">http:\/\/www.unitconverters.net<\/a><br \/>\n<i class=\"fa fa-chevron-circle-right\"><\/i> Online Conversion, plus de 5 000 unit\u00e9s et 50 000 conversions possibles : <a href=\"http:\/\/www.onlineconversion.com\/\" target=\"_blank\" rel=\"noopener noreferrer\">http:\/\/www.onlineconversion.com\/<\/a><br \/>\n<i class=\"fa fa-chevron-circle-right\"><\/i> Convertisseur de monnaies : <a href=\"http:\/\/www.xe.com\/ucc\/\" target=\"_blank\" rel=\"noopener noreferrer\">http:\/\/www.xe.com\/ucc\/<\/a><\/b><\/p>\n<hr>\n<p><i class=\"fa fa-wifi\" style=\"font-size: 15px;\"><\/i> <strong>Internet, informatique, divers<\/strong><br \/>\n<i class=\"fa fa-chevron-circle-right\"><\/i> <b>Glossaire des termes internet (Eng.) : <a href=\"http:\/\/www.matisse.net\/files\/glossary.html\" target=\"_blank\" rel=\"noopener noreferrer\">http:\/\/www.matisse.net\/files\/glossary.html<\/a><br \/>\n<i class=\"fa fa-chevron-circle-right\"><\/i> Annuaire international de moteurs de recherches : <a href=\"http:\/\/www.searchenginecolossus.com\/\" target=\"_blank\" rel=\"noopener noreferrer\">http:\/\/www.searchenginecolossus.com\/<\/a><br \/>\n<i class=\"fa fa-chevron-circle-right\"><\/i> Codes t\u00e9l\u00e9phoniques internationaux ; Comment t\u00e9l\u00e9phoner de n\u2019importe o\u00f9 pour n\u2019importe o\u00f9 dans le monde : <a href=\"http:\/\/www.countrycallingcodes.com\/\" target=\"_blank\" rel=\"noopener noreferrer\">http:\/\/www.countrycallingcodes.com\/<\/a><br \/>\n<i class=\"fa fa-chevron-circle-right\"><\/i> Pratique et astuces PC : <a href=\"http:\/\/www.pcastuces.com\/pratique\/default.htm\" target=\"_blank\" rel=\"noopener noreferrer\">http:\/\/www.pcastuces.com\/pratique\/default.htm<\/a><br \/>\n<i class=\"fa fa-chevron-circle-right\"><\/i> Pratique et astuces Mac : <a href=\"https:\/\/www.comment-economiser.fr\/astuces-ordinateur-mac.html\" target=\"_blank\" rel=\"noopener noreferrer\">https:\/\/www.comment-economiser.fr\/astuces-ordinateur-mac.html<\/a><br \/>\n<i class=\"fa fa-chevron-circle-right\"><\/i> Polices de caract\u00e8res : <a href=\"http:\/\/www.dafont.com\/fr\/\" target=\"_blank\" rel=\"noopener noreferrer\">http:\/\/www.dafont.com\/fr\/<\/a><\/b><\/p>\n","protected":false},"excerpt":{"rendered":"<p>Internet, source in\u00e9puisable d\u2019informations Le World Wide Web (www), le \u00ab\u00a0net\u00a0\u00bb, litt\u00e9ralement la \u201ctoile\u201d (d\u2019araign\u00e9e), mondial permet de consulter via des hyperliens les sites du monde entier. Nous avons compil\u00e9 et s\u00e9lectionn\u00e9 plusieurs sites offrant en acc\u00e8s libre une multitude d\u2019informations que nous avons group\u00e9s sous diverses rubriques. Certains peuvent para\u00eetre faire double emploi, \u00e0<\/p>\n","protected":false},"author":1,"featured_media":0,"parent":0,"menu_order":0,"comment_status":"closed","ping_status":"closed","template":"fullwidth.php","meta":{"_monsterinsights_skip_tracking":false,"_monsterinsights_sitenote_active":false,"_monsterinsights_sitenote_note":"","_monsterinsights_sitenote_category":0,"footnotes":""},"class_list":["post-354","page","type-page","status-publish","hentry"],"_links":{"self":[{"href":"https:\/\/www.arbitrage-maritime.org\/CAMP-V3\/wp-json\/wp\/v2\/pages\/354","targetHints":{"allow":["GET"]}}],"collection":[{"href":"https:\/\/www.arbitrage-maritime.org\/CAMP-V3\/wp-json\/wp\/v2\/pages"}],"about":[{"href":"https:\/\/www.arbitrage-maritime.org\/CAMP-V3\/wp-json\/wp\/v2\/types\/page"}],"author":[{"embeddable":true,"href":"https:\/\/www.arbitrage-maritime.org\/CAMP-V3\/wp-json\/wp\/v2\/users\/1"}],"replies":[{"embeddable":true,"href":"https:\/\/www.arbitrage-maritime.org\/CAMP-V3\/wp-json\/wp\/v2\/comments?post=354"}],"version-history":[{"count":129,"href":"https:\/\/www.arbitrage-maritime.org\/CAMP-V3\/wp-json\/wp\/v2\/pages\/354\/revisions"}],"predecessor-version":[{"id":6486,"href":"https:\/\/www.arbitrage-maritime.org\/CAMP-V3\/wp-json\/wp\/v2\/pages\/354\/revisions\/6486"}],"wp:attachment":[{"href":"https:\/\/www.arbitrage-maritime.org\/CAMP-V3\/wp-json\/wp\/v2\/media?parent=354"}],"curies":[{"name":"wp","href":"https:\/\/api.w.org\/{rel}","templated":true}]}}